ten thousands digit of 693815?
9
What is the ten millions digit of 11447881?
1
What is the hundreds digit of 253421?
4
What is the millions digit of 1954302?
1
What is the units digit of 227394?
4
What is the hundred thousands digit of 1170348?
1
What is the millions digit of 2320248?
2
What is the hundreds digit of 1089714?
7
What is the ten thousands digit of 422065?
2
What is the millions digit of 3331409?
3
What is the tens digit of 251945?
4
What is the hundred thousands digit of 182451?
1
What is the hundred thousands digit of 206608?
2
What is the hundreds digit of 2209250?
2
What is the thousands digit of 144210?
4
What is the hundred thousands digit of 264819?
2
What is the millions digit of 22776536?
2
What is the ten thousands digit of 776940?
7
What is the units digit of 344759?
9
What is the millions digit of 17178873?
7
What is the hundred thousands digit of 23019682?
0
What is the tens digit of 8271821?
2
What is the hundred thousands digit of 293490?
2
What is the thousands digit of 474405?
4
What is the tens digit of 9846679?
7
What is the millions digit of 18492275?
8
What is the ten thousands digit of 225812?
2
What is the hundreds digit of 15447?
4
What is the hundreds digit of 322881?
8
What is the hundred thousands digit of 27297378?
2
What is the hundreds digit of 3886229?
2
What is the hundred thousands digit of 7172252?
1
What is the hundreds digit of 5038213?
2
What is the hundred thousands digit of 220692?
2
What is the ten thousands digit of 299115?
9
What is the hundreds digit of 91306?
3
What is the units digit of 338337?
7
What is the thousands digit of 1780562?
0
What is the millions digit of 5817463?
5
What is the tens digit of 1937869?
6
What is the hundreds digit of 31273758?
7
What is the thousands digit of 35250860?
0
What is the thousands digit of 3010706?
0
What is the tens digit of 5685482?
8
What is the units digit of 192807?
7
What is the tens digit of 482114?
1
What is the units digit of 43902619?
9
What is the ten thousands digit of 11898969?
9
What is the units digit of 12867443?
3
What is the millions digit of 22621785?
2
What is the units digit of 2390857?
7
What is the ten thousands digit of 763083?
6
What is the ten thousands digit of 9073388?
7
What is the units digit of 553774?
4
What is the thousands digit of 675632?
5
What is the ten thousands digit of 559783?
5
What is the tens digit of 357605?
0
What is the tens digit of 3048919?
1
What is the hundred thousands digit of 187394?
1
What is the ten thousands digit of 636187?
3
What is the hundreds digit of 427140?
1
What is the tens digit of 4555092?
9
What is the thousands digit of 2002849?
2
What is the hundred thousands digit of 1623981?
6
What is the units digit of 4664?
4
What is the millions digit of 8492170?
8
What is the ten thousands digit of 428952?
2
What is the hundreds digit of 3618596?
5
What is the ten millions digit of 34440353?
3
What is the millions digit of 1877932?
1
What is the tens digit of 837364?
6
What is the millions digit of 1355703?
1
What is the thousands digit of 36810?
6
What is the ten thousands digit of 1279727?
7
What is the tens digit of 2835927?
2
What is the thousands digit of 5340475?
0
What is the millions digit of 1814109?
1
What is the ten thousands digit of 123610?
2
What is the units digit of 80434?
4
What is the thousands digit of 924849?
4
What is the millions digit of 2719617?
2
What is the hundreds digit of 1217323?
3
What is the hundreds digit of 1350078?
0
What is the hundreds digit of 47425?
4
What is the millions digit of 17659213?
7
What is the hundreds digit of 9165187?
1
What is the tens digit of 10374321?
2
What is the millions digit of 24013277?
4
What is the ten thousands digit of 28879240?
7
What is the tens digit of 9217346?
4
What is the hundreds digit of 103940?
9
What is the tens digit of 132121?
2
What is the thousands digit of 9661732?
1
What is the thousands digit of 1657677?
7
What is the tens digit of 4256066?
6
What is the millions digit of 7702804?
7
What is the thousands digit of 1760301?
0
What is the ten thousands digit of 21701938?
0
What is the hundreds digit of 2994499?
4
What is the hundred thousands digit of 13146589?
1
What is the millions digit of 26791077?
6
What is the units digit of 3648064?
4
What is the hundred thousands digit of 113776?
1
What is the millions digit of 1201056?
1
What is the hundred thousands digit of 817548?
8
What is the ten thousands digit of 45226?
4
What is the ten thousands digit of 125591?
2
What is the units digit of 103392?
2
What is the tens digit of 1228352?
5
What is the hundred thousands digit of 1394020?
3
What is the hundreds digit of 1914042?
0
What is the tens digit of 161597?
9
What is the tens digit of 303857?
5
What is the units digit of 612304?
4
What is the hundreds digit of 2121606?
6
What is the units digit of 13787263?
3
What is the millions digit of 6360145?
6
What is the units digit of 780406?
6
What is the tens digit of 2267230?
3
What is the ten thousands digit of 1654100?
5
What is the units digit of 5311773?
3
What is the hundred thousands digit of 241168?
2
What is the hundreds digit of 4944490?
4
What is the hundred thousands digit of 4252569?
2
What is the units digit of 112177?
7
What is the ten thousands digit of 736367?
3
What is the hundred thousands digit of 535184?
5
What is the ten thousands digit of 286202?
8
What is the hundreds digit of 32380491?
4
What is the hundreds digit of 3150824?
8
What is the tens digit of 3564779?
7
What is the tens digit of 182548?
4
What is the hundreds digit of 1005026?
0
What is the millions digit of 1231512?
1
What is the ten thousands digit of 1697786?
9
What is the hundred thousands digit of 946178?
9
What is the units digit of 188963?
3
What is the ten thousands digit of 2726831?
2
What is the hundred thousands digit of 209516?
2
What is the hundreds digit of 13457242?
2
What is the hundred thousands digit of 255704?
2
What is the ten thousands digit of 15494555?
9
What is the thousands digit of 1488559?
8
What is the ten thousands digit of 12637831?
3
What is the thousands digit of 502499?
2
What is the millions digit of 2732103?
2
What is the tens digit of 2001382?
8
What is the hundreds digit of 5611857?
8
What is the hundred thousands digit of 527551?
5
What is the hundreds digit of 1629947?
9
What is the hundreds digit of 19342776?
7
What is the ten thousands digit of 705408?
0
What is the millions digit of 1706961?
1
What is the ten millions digit of 36803710?
3
What is the hundreds digit of 1263090?
0
What is the units digit of 1011339?
9
What is the tens digit of 403979?
7
What is the hundred thousands digit of 289002?
2
What is the hundred thousands digit of 3913198?
9
What is the ten millions digit of 20010844?
2
What is the units digit of 17230711?
1
What is the hundreds digit of 8996023?
0
What is the ten thousands digit of 174623?
7
What is the hundreds digit of 4971936?
9
What is the hundreds digit of 351077?
0
What is the hundred thousands digit of 152291?
1
What is the hundred thousands digit of 121120?
1
What is the units digit of 255309?
9
What is the hundreds digit of 13006132?
1
What is the hundreds digit of 37853?
8
What is the hundred thousands digit of 22918922?
9
What is the thousands digit of 4929925?
9
What is the hundreds digit of 204164?
1
What is the ten thousands digit of 73818?
7
What is the hundreds digit of 625431?
4
What is the hundreds digit of 1198839?
8
What is the hundred thousands digit of 719372?
7
What is the millions digit of 13287773?
3
What is the units digit of 4685857?
7
What is the thousands digit of 27352?
7
What is the thousands digit of 1800617?
0
What is the tens digit of 282121?
2
What is the tens digit of 29453143?
4
What is the thousands digit of 314072?
4
What is the tens digit of 71222?
2
What is the hundred thousands digit of 198831?
1
What is the hundred thousands digit of 6036806?
0
What is the tens digit of 21939?
3
What is the hundred thousands digit of 437791?
4
What is the ten thousands digit of 5010363?
1
What is the hundreds digit of 7702951?
9
What is the hundreds digit of 273388?
3
What is the hundreds digit of 13824488?
4
What is the hundreds digit of 950414?
4
What is the hundreds digit of 7469